{"id":14,"date":"2025-04-02T20:07:59","date_gmt":"2025-04-02T20:07:59","guid":{"rendered":"https:\/\/radaymuzeum.rgy.hu\/index.php\/sample-page-magyar\/"},"modified":"2026-03-25T09:47:59","modified_gmt":"2026-03-25T09:47:59","slug":"sample-page-magyar","status":"publish","type":"page","link":"https:\/\/radaymuzeum.rgy.hu\/","title":{"rendered":"F\u0151oldal"},"content":{"rendered":"\n\n\n\n\n\n<div class=\"gb-element-e555c6a6\">\n<h2 class=\"gb-text\">A m\u00fazeumr\u00f3l<\/h2>\n\n\n\n<p class=\"gb-text\">A&nbsp;<a href=\"http:\/\/www.dmrek.hu\/\" target=\"_blank\" rel=\"noreferrer noopener\">Dunamell\u00e9ki Reform\u00e1tus Egyh\u00e1zker\u00fclet<\/a>&nbsp;egyh\u00e1zm\u0171v\u00e9szeti gy\u0171jtem\u00e9ny\u00e9t 1967-ben alap\u00edtott\u00e1k. M\u00fazeumk\u00e9nt 1983 \u00f3ta m\u0171k\u00f6dik Kecskem\u00e9ten. M\u00fazeumunk anyaint\u00e9zm\u00e9nye a Budapesten tal\u00e1lhat\u00f3&nbsp;<a href=\"http:\/\/www.rgy.hu\/\" target=\"_blank\" rel=\"noreferrer noopener\">R\u00e1day Gy\u0171jtem\u00e9ny<\/a> Ki\u00e1ll\u00edt\u00f3helyk\u00e9nt int\u00e9zm\u00e9ny\u00fcnkh\u00f6z tartozik a pesti R\u00e1day utc\u00e1ban m\u0171k\u00f6d\u0151 Biblia M\u00fazeum is.<br><br><a href=\"https:\/\/radaymuzeum.hu\/sites\/default\/files\/kepek\/pelikan_szott.jpg\"><\/a>Egyh\u00e1zker\u00fclet\u00fcnk a legnagyobb magyarorsz\u00e1gi reform\u00e1tus egyh\u00e1zigazgat\u00e1si egys\u00e9g. M\u00fazeumunk gy\u0171jt\u0151ter\u00fclete az egyh\u00e1zker\u00fclet eg\u00e9sz\u00e9re kiterjed. Gy\u0171jt\u0151k\u00f6r\u00fcnkbe a kebelbeli gy\u00fclekezetek \u00e9let\u00e9t, t\u00f6rt\u00e9net\u00e9t reprezent\u00e1l\u00f3 &#8211; els\u0151sorban t\u00e1rgyi &#8211; anyag (t\u00f6rt\u00e9neti forr\u00e1sok, k\u00e9pz\u0151-, ipar- \u00e9s n\u00e9pm\u0171v\u00e9szet) tartozik. A m\u00fazeum anyaga napjainkban j\u00f3r\u00e9szt adom\u00e1nyok r\u00e9v\u00e9n gyarapodik.<br><br><a href=\"https:\/\/radaymuzeum.hu\/sites\/default\/files\/kepek\/pelikan_festett.jpg\"><\/a>C\u00e9lunk, hogy l\u00e1togat\u00f3inkat megismertess\u00fck a k\u00e1lvinista gy\u00fclekezetek \u00e9let\u00e9vel. Bemutatjuk templomaink tipikus berendez\u00e9si t\u00e1rgyait, a reform\u00e1tus istentisztelet liturgikus hagyom\u00e1nyait, az ehhez kapcsol\u00f3d\u00f3 t\u00e1rgyegy\u00fctteseket. Ezek, b\u00e1r speci\u00e1lis ig\u00e9nnyel k\u00e9sz\u00fcltek, hordoz\u00f3i koruk jellemz\u0151 st\u00edlusir\u00e1nyzatainak.<br>Ki\u00e1ll\u00edt\u00e1sunkat aj\u00e1nljuk a kult\u00fart\u00f6rt\u00e9net, az egyh\u00e1zt\u00f6rt\u00e9net, a m\u0171v\u00e9szett\u00f6rt\u00e9net ir\u00e1nt \u00e9rdekl\u0151d\u0151knek, a sz\u00e9p t\u00e1rgyak csod\u00e1l\u00f3inak.<\/p>\n<\/div>\n\n\n\n<div class=\"gb-element-9f9fe375\">\n<h2 class=\"gb-text\">Int\u00e9zm\u00e9ny\u00fcnk<\/h2>\n\n\n\n<p class=\"gb-text\">A R\u00e1day M\u00fazeum a kecskem\u00e9ti \u00d3koll\u00e9gium \u00e9p\u00fclet\u00e9ben tal\u00e1lhat\u00f3. Az \u00d3- megjel\u00f6l\u00e9s arra utal, hogy ez a kecskem\u00e9ti reform\u00e1tusok r\u00e9gebbi iskola\u00e9p\u00fclete. Itt a nagy anyaiskol\u00e1khoz (Debrecen, S\u00e1rospatak, P\u00e1pa) hasonl\u00f3 m\u00f3don t\u00f6bbszint\u0171 oktat\u00e1s folyt. Mai fogalmaink szerint alap- k\u00f6z\u00e9p- \u00e9s fels\u0151fok\u00fa k\u00e9pz\u00e9s valamint a di\u00e1koknak bentlak\u00e1st is biztos\u00edt\u00f3 reform\u00e1tus tanint\u00e9zetet jelent a koll\u00e9gium sz\u00f3. Hossz\u00fa ideig e koll\u00e9gium volt az egyh\u00e1zker\u00fclet legjelent\u0151sebb iskol\u00e1ja. A k\u00e9s\u0151bb emelt iskola\u00e9p\u00fcletet \u00dajkoll\u00e9giumnak h\u00edvj\u00e1k a kecskem\u00e9tiek.<br><br><a href=\"https:\/\/radaymuzeum.hu\/sites\/default\/files\/kepek\/1870.jpg\"><\/a>Az \u00d3koll\u00e9gium m\u0171szaki terveit Hofrichter J\u00f3zsef (1779-1835), pesti \u00e9p\u00edt\u0151mester k\u00e9sz\u00edtette, akinek legismertebb munk\u00e1ja a budapesti K\u00e1lvin t\u00e9ri reform\u00e1tus templom. A tervek alapj\u00e1n az \u00e9p\u00edtkez\u00e9st 1830 tavasz\u00e1n kezd\u0151d\u00f6tt Fischer \u00c1goston helyi mester vezet\u00e9s\u00e9vel.<br>1865-ben a termek jobb megk\u00f6zel\u00edt\u00e9se \u00e9rdek\u00e9ben az udvari homlokzat fel\u00e9 f\u00fcgg\u0151folyos\u00f3t \u00e9p\u00edtettek.<\/p>\n<\/div>\n\n\n<div class=\"gb-container gb-container-e998615f\">\n<div class=\"gb-container gb-container-358fa71f\">\n<div class=\"gb-grid-wrapper gb-grid-wrapper-2a811821 animated slideInLeft\">\n<div class=\"gb-grid-column gb-grid-column-9d20325e\"><div class=\"gb-container gb-container-9d20325e\">\n\n<h4 class=\"gb-headline gb-headline-f342cf3a gb-headline-text\"><a href=\"https:\/\/radaymuzeum.rgy.hu\/index.php\/rolunk\/\">r\u00f3lunk<\/a><\/h4>\n\n<\/div><\/div>\n\n<div class=\"gb-grid-column gb-grid-column-dfbbad37\"><div class=\"gb-container gb-container-dfbbad37\">\n\n<h4 class=\"gb-headline gb-headline-c23a39eb gb-headline-text\"><a href=\"https:\/\/bibliamuzeum.com\/muzeum\/\"><\/a><a href=\"https:\/\/bibliamuzeum.com\/muzeumpedagogia\/bibliamuzeum-allando-kiallitas\/\">m\u00fazeumpedag\u00f3gia<\/a><\/h4>\n\n<\/div><\/div>\n\n<div class=\"gb-grid-column gb-grid-column-860667e6\"><div class=\"gb-container gb-container-860667e6\">\n\n<h4 class=\"gb-headline gb-headline-38dd87e5 gb-headline-text\"><a href=\"https:\/\/radaymuzeum.rgy.hu\/index.php\/kiallitasok\/\">ki\u00e1ll\u00edt\u00e1sok<\/a><\/h4>\n\n<\/div><\/div>\n\n<div class=\"gb-grid-column gb-grid-column-89023e25\"><div class=\"gb-container gb-container-89023e25\">\n\n<h4 class=\"gb-headline gb-headline-83427774 gb-headline-text\"><a href=\"https:\/\/radaymuzeum.rgy.hu\/index.php\/nyitvatartas\/\">l\u00e1togat\u00e1s<\/a><\/h4>\n\n<\/div><\/div>\n<\/div>\n<\/div>\n<\/div>\n\n<div class=\"gb-container gb-container-4b9acd27 alignfull\">\n\n<iframe style=\"width:100%;\" src=\"https:\/\/www.google.com\/maps\/embed?pb=!1m18!1m12!1m3!1d2725.7644124385774!2d19.692101477322336!3d46.90735143600068!2m3!1f0!2f0!3f0!3m2!1i1024!2i768!4f13.1!3m3!1m2!1s0x4743da16e459a2c7%3A0xde426e4f382bb6e9!2zS2Vjc2tlbcOpdCwgS8OhbHZpbiB0w6lyIDEsIDYwMDA!5e0!3m2!1shu!2shu!4v1774346309016!5m2!1shu!2shu\" width=\"1600\" height=\"400\" style=\"border:0;\" allowfullscreen=\"\" loading=\"lazy\" referrerpolicy=\"no-referrer-when-downgrade\"><\/iframe>\n\n<\/div>","protected":false},"excerpt":{"rendered":"<p>A m\u00fazeumr\u00f3l A&nbsp;Dunamell\u00e9ki Reform\u00e1tus Egyh\u00e1zker\u00fclet&nbsp;egyh\u00e1zm\u0171v\u00e9szeti gy\u0171jtem\u00e9ny\u00e9t 1967-ben alap\u00edtott\u00e1k. M\u00fazeumk\u00e9nt 1983 \u00f3ta m\u0171k\u00f6dik Kecskem\u00e9ten. M\u00fazeumunk anyaint\u00e9zm\u00e9nye a Budapesten tal\u00e1lhat\u00f3&nbsp;R\u00e1day Gy\u0171jtem\u00e9ny Ki\u00e1ll\u00edt\u00f3helyk\u00e9nt int\u00e9zm\u00e9ny\u00fcnkh\u00f6z tartozik a pesti R\u00e1day utc\u00e1ban m\u0171k\u00f6d\u0151 Biblia M\u00fazeum is. Egyh\u00e1zker\u00fclet\u00fcnk a legnagyobb magyarorsz\u00e1gi reform\u00e1tus egyh\u00e1zigazgat\u00e1si egys\u00e9g. M\u00fazeumunk gy\u0171jt\u0151ter\u00fclete az egyh\u00e1zker\u00fclet eg\u00e9sz\u00e9re kiterjed. Gy\u0171jt\u0151k\u00f6r\u00fcnkbe a kebelbeli gy\u00fclekezetek \u00e9let\u00e9t, t\u00f6rt\u00e9net\u00e9t reprezent\u00e1l\u00f3 &#8211; els\u0151sorban t\u00e1rgyi &#8211; anyag &#8230; <a title=\"F\u0151oldal\" class=\"read-more\" href=\"https:\/\/radaymuzeum.rgy.hu\/\" aria-label=\"Read more about F\u0151oldal\">Olvass tov\u00e1bb<\/a><\/p>\n","protected":false},"author":3,"featured_media":0,"parent":0,"menu_order":0,"comment_status":"closed","ping_status":"closed","template":"","meta":{"footnotes":""},"class_list":["post-14","page","type-page","status-publish"],"_links":{"self":[{"href":"https:\/\/radaymuzeum.rgy.hu\/index.php\/wp-json\/wp\/v2\/pages\/14","targetHints":{"allow":["GET"]}}],"collection":[{"href":"https:\/\/radaymuzeum.rgy.hu\/index.php\/wp-json\/wp\/v2\/pages"}],"about":[{"href":"https:\/\/radaymuzeum.rgy.hu\/index.php\/wp-json\/wp\/v2\/types\/page"}],"author":[{"embeddable":true,"href":"https:\/\/radaymuzeum.rgy.hu\/index.php\/wp-json\/wp\/v2\/users\/3"}],"replies":[{"embeddable":true,"href":"https:\/\/radaymuzeum.rgy.hu\/index.php\/wp-json\/wp\/v2\/comments?post=14"}],"version-history":[{"count":26,"href":"https:\/\/radaymuzeum.rgy.hu\/index.php\/wp-json\/wp\/v2\/pages\/14\/revisions"}],"predecessor-version":[{"id":191,"href":"https:\/\/radaymuzeum.rgy.hu\/index.php\/wp-json\/wp\/v2\/pages\/14\/revisions\/191"}],"wp:attachment":[{"href":"https:\/\/radaymuzeum.rgy.hu\/index.php\/wp-json\/wp\/v2\/media?parent=14"}],"curies":[{"name":"wp","href":"https:\/\/api.w.org\/{rel}","templated":true}]}}