{"id":20,"date":"2025-04-02T20:21:38","date_gmt":"2025-04-02T20:21:38","guid":{"rendered":"https:\/\/radaymuzeum.rgy.hu\/?page_id=20"},"modified":"2026-03-24T12:49:17","modified_gmt":"2026-03-24T12:49:17","slug":"nyitvatartas","status":"publish","type":"page","link":"https:\/\/radaymuzeum.rgy.hu\/index.php\/nyitvatartas\/","title":{"rendered":"Nyitvatart\u00e1s"},"content":{"rendered":"\n<div class=\"gb-element-af707826 alignfull\">\n<img loading=\"lazy\" decoding=\"async\" width=\"2560\" height=\"569\" class=\"gb-media-634bd8eb\" alt=\"\" src=\"https:\/\/radaymuzeum.rgy.hu\/wp-content\/uploads\/2025\/06\/Egyha\u0301zto\u0308rte\u0301neti-gyu\u030bjteme\u0301ny-2-scaled.jpg\" title=\"Egyha\u0301zto\u0308rte\u0301neti gyu\u030bjteme\u0301ny 2.\" srcset=\"https:\/\/radaymuzeum.rgy.hu\/wp-content\/uploads\/2025\/06\/Egyha\u0301zto\u0308rte\u0301neti-gyu\u030bjteme\u0301ny-2-scaled.jpg 2560w, https:\/\/radaymuzeum.rgy.hu\/wp-content\/uploads\/2025\/06\/Egyha\u0301zto\u0308rte\u0301neti-gyu\u030bjteme\u0301ny-2-300x67.jpg 300w, https:\/\/radaymuzeum.rgy.hu\/wp-content\/uploads\/2025\/06\/Egyha\u0301zto\u0308rte\u0301neti-gyu\u030bjteme\u0301ny-2-1024x228.jpg 1024w, https:\/\/radaymuzeum.rgy.hu\/wp-content\/uploads\/2025\/06\/Egyha\u0301zto\u0308rte\u0301neti-gyu\u030bjteme\u0301ny-2-768x171.jpg 768w, https:\/\/radaymuzeum.rgy.hu\/wp-content\/uploads\/2025\/06\/Egyha\u0301zto\u0308rte\u0301neti-gyu\u030bjteme\u0301ny-2-1536x341.jpg 1536w, https:\/\/radaymuzeum.rgy.hu\/wp-content\/uploads\/2025\/06\/Egyha\u0301zto\u0308rte\u0301neti-gyu\u030bjteme\u0301ny-2-2048x455.jpg 2048w\" sizes=\"auto, (max-width: 2560px) 100vw, 2560px\" \/>\n<\/div>\n\n\n<div class=\"gb-container gb-container-42222cae\">\n<div class=\"gb-container gb-container-9254e05e\">\n\n<h2 class=\"gb-headline gb-headline-a0c24e2b gb-headline-text\">R\u00e1day M\u00fazeum<\/h2>\n\n\n\n<div class=\"gb-element-bfea6137\"><\/div>\n\n\n\n<h3 class=\"gb-headline gb-headline-ef9a8b6b gb-headline-text\">Kapcsolat:<\/h3>\n\n\n\n<p class=\"gb-text\">C\u00edm: 6000 Kecskem\u00e9t, K\u00e1lvin t\u00e9r 1. Reform\u00e1tus \u00d3koll\u00e9gium<br>Telefon: +36 76 486 226<br><br>A Telefonsz\u00e1m el\u00e9rhet\u0151: K-V 10-18 \u00f3r\u00e1ig<br>E-mail: <a href=\"mailto:radaymuzeum.muzped@gmail.com\">radaymuzeum.muzped@gmail.com<\/a><\/p>\n\n\n\n<div class=\"gb-element-37549489\"><\/div>\n\n\n\n<h3 class=\"gb-headline gb-headline-73ddc70a gb-headline-text\">Megk\u00f6zel\u00edt\u00e9s<\/h3>\n\n\n\n<p class=\"gb-text\">T\u00f6megk\u00f6zleked\u00e9ssel: A t\u00e1vols\u00e1gi buszp\u00e1lyaudvar \u00e9s a vas\u00fat\u00e1llom\u00e1s 10-15 perc <br>alatt k\u00e9nyelmes s\u00e9t\u00e1val el\u00e9rhet\u0151.<br><br>G\u00e9pj\u00e1rm\u0171vel a parkolni a k\u00f6rnyez\u0151 utc\u00e1kon lehet, <br>ami h\u00e9tk\u00f6znap 8.00-20.00 \u00f3ra k\u00f6z\u00f6tt d\u00edjk\u00f6teles.<\/p>\n\n\n<div class=\"gb-container gb-container-a0223270\">\n\n<iframe src=\"https:\/\/www.google.com\/maps\/embed?pb=!1m18!1m12!1m3!1d2725.7644124385774!2d19.692101477322336!3d46.90735143600068!2m3!1f0!2f0!3f0!3m2!1i1024!2i768!4f13.1!3m3!1m2!1s0x4743da16e459a2c7%3A0xde426e4f382bb6e9!2zS2Vjc2tlbcOpdCwgS8OhbHZpbiB0w6lyIDEsIDYwMDA!5e0!3m2!1shu!2shu!4v1774348003175!5m2!1shu!2shu\" width=\"100%\" height=\"450\" style=\"border:0;\" allowfullscreen=\"\" loading=\"lazy\" referrerpolicy=\"no-referrer-when-downgrade\"><\/iframe>\n\n<\/div>\n\n\n<h3 class=\"gb-headline gb-headline-b049aaae gb-headline-text\">Nyitvatart\u00e1s<\/h3>\n\n\n\n<p class=\"gb-text\">Keddt\u0151l vas\u00e1rnapig: 10.00-18.00 \u00f3r\u00e1ig.<br><br><strong>A m\u00fazeum z\u00e1rva tart a hivatalos \u00e1llami \u00fcnnepnapokon:<\/strong><br>janu\u00e1r 1., m\u00e1rcius 15., nagycs\u00fct\u00f6rt\u00f6k, nagyp\u00e9ntek, h\u00fasv\u00e9tvas\u00e1rnap \u00e9s -h\u00e9tf\u0151,<br>m\u00e1jus 1., p\u00fcnk\u00f6sdvas\u00e1rnap \u00e9s -h\u00e9tf\u0151, augusztus 20.<br>okt\u00f3ber 23., november 1., december 25., december 26.<br><strong>a protest\u00e1ns egyh\u00e1zi \u00fcnnepeken:<\/strong><br>nagycs\u00fct\u00f6rt\u00f6k, a mennybemenetel \u00fcnnepe, okt\u00f3ber 31., december 24.<\/p>\n\n\n\n<div class=\"gb-element-5a42f52e\"><\/div>\n\n\n\n<h3 class=\"gb-headline gb-headline-d6851d5b gb-headline-text\">M\u00fazeumpedag\u00f3giai foglalkoz\u00e1s<\/h3>\n\n\n\n<p class=\"gb-text\"><strong>M\u00fazeumpedag\u00f3giai foglalkoz\u00e1s:<\/strong><br>bel\u00e9p\u0151jegy + 200 Ft + anyagk\u00f6lts\u00e9g a foglalkoz\u00e1st\u00f3l f\u00fcgg\u0151en 300-500 Ft<br><strong>&nbsp;<\/strong><br><strong>T\u00e1rlatvezet\u00e9s:<\/strong><br>T\u00e1rlatvezet\u00e9s el\u0151zetes bejelentkez\u00e9ssel: 5000 Ft.<br><br><em>*Csoportl\u00e9tsz\u00e1m: minimum 10 f\u0151, maximum 20 f\u0151 feln\u0151tt, \u00e9s maximum 15 f\u0151 iskolai csoportok eset\u00e9n. <\/em><br><em>Az enn\u00e9l nagyobb l\u00e9tsz\u00e1m\u00fa csoportokat bontjuk.<\/em><br><em>Ezesetben a t\u00e1rlatvezet\u00e9si\/foglalkoz\u00e1si d\u00edjat csoportr\u00e9szenk\u00e9nt k\u00e9rj\u00fck sz\u00e9pen megfizetni.<\/em><\/p>\n\n\n\n<div class=\"gb-element-34272a8a\"><\/div>\n\n\n\n<h3 class=\"gb-headline gb-headline-f99d9957 gb-headline-text\">Jegy\u00e1rak<\/h3>\n\n\n<div class=\"gb-grid-wrapper gb-grid-wrapper-12fbf250\">\n<div class=\"gb-grid-column gb-grid-column-3faee169\"><div class=\"gb-container gb-container-3faee169\">\n\n<p class=\"gb-headline gb-headline-955352ca gb-headline-text\">Fot\u00f3jegy:<br>Feln\u0151tt (teljes \u00e1r\u00fa):<br>Kedvezm\u00e9nyes jegy <em>(di\u00e1k 26 \u00e9ves korig, nyugd\u00edjas 62 \u00e9s 70 \u00e9v k\u00f6z\u00f6tt)<\/em><br>Csoportos jegy <em>(hittan, iskol\u00e1s \u00e9s gy\u00fclekezeti csoportok)<\/em><\/p>\n\n<\/div><\/div>\n\n<div class=\"gb-grid-column gb-grid-column-1e9e4cee\"><div class=\"gb-container gb-container-1e9e4cee\">\n\n<p class=\"gb-headline gb-headline-03e1e0c7 gb-headline-text\">1.000 <strong>Ft<\/strong><br>1.000 <strong>Ft<\/strong><br><br>800 <strong>Ft<\/strong><br><br>800 <strong>Ft<\/strong><\/p>\n\n<\/div><\/div>\n<\/div>\n\n\n<p class=\"gb-text\"><strong>Ingyenesen l\u00e1togathatj\u00e1k a m\u00fazeumot:<\/strong><br>\u2013 6 \u00e9v alatti gyerekek<br>\u2013 70 \u00e9v f\u00f6l\u00f6tti szem\u00e9lyek<br>\u2013 fogyat\u00e9kkal \u00e9l\u0151k + 1 f\u0151 k\u00eds\u00e9r\u0151<br>\u2013 k\u00f6znevel\u00e9sben dolgoz\u00f3 pedag\u00f3gusok \u00e9s szakk\u00e9pz\u00e9sben dolgoz\u00f3 oktat\u00f3k<br>\u2013 \u00fajs\u00e1g\u00edr\u00f3k (\u00e9rv\u00e9nyes f\u00e9nyk\u00e9pes \u00fajs\u00e1g\u00edr\u00f3 igazolv\u00e1nnyal)<br>\u2013 ICOM \u00e9s ICOMOS tagok, Pulszky T\u00e1rsas\u00e1g-, MKE-, MLE-tagok, miniszt\u00e9riumi szakmai bel\u00e9p\u0151 birtokosok<br>\u2013 idegenvezet\u0151k (min. 10 f\u0151s csoporttal)<br>\u2013 lelk\u00e9szek, hitoktat\u00f3k \u00e9s vall\u00e1stan\u00e1rok<br>&nbsp;<br>Egy\u00e9ni k\u00e9r\u00e9sek est\u00e9n k\u00e9rj\u00fck, vegye fel a kapcsolatot a R\u00e1day M\u00fazeum munkat\u00e1rsaival.<br>Csoportok bejelentkez\u00e9s\u00e9t k\u00e9rj\u00fck egy h\u00e9ttel a l\u00e1togat\u00e1s el\u0151tt a megadott el\u00e9rhet\u0151s\u00e9gek egyik\u00e9n jelezni.<br>A bel\u00e9p\u0151jeggyel az \u00e1lland\u00f3 ki\u00e1ll\u00edt\u00e1s is megtekinthet\u0151.<br>A fizet\u00e9s m\u00f3dja: k\u00e9szp\u00e9nz<br>L\u00e1togat\u00e1s el\u0151tt k\u00e9rj\u00fck, ismerkedjenek meg <a href=\"https:\/\/bibliamuzeum.com\/latogatasi-szabalyzat\/\">L\u00e1togat\u00e1si szab\u00e1lyzatunkkal.<\/a><\/p>\n\n\n\n<p class=\"gb-text gb-text-907b22fa\"><em>Csoport l\u00e9tsz\u00e1m: minimum 10 f\u0151, maximum 20 f\u0151<\/em><br><\/p>\n\n\n\n<div class=\"gb-element-dbaf8676\"><\/div>\n\n\n\n<h3 class=\"gb-text gb-text-7227dbeb\">Munkat\u00e1rsak<\/h3>\n\n\n\n<p class=\"gb-text\">Dr. Fogarasi Zsuzsa m\u00fazeumigazgat\u00f3<br>Balogn\u00e9 S\u00e1rga Ildik\u00f3<br>Dr. Barna Tam\u00e1s<br>Kov\u00e1cs Hajnalka<br>Nov\u00e1k Zsuzsa<br>\u00d6tv\u00f6s-Nagy Ferenc<br>Sopronyi-Mikul\u00e1s Kata<br>Urb\u00e1nn\u00e9 Zs\u00f3ka<br>Varga Edit<br>Vass-Eysen \u00c1kos<\/p>\n\n<\/div>\n<\/div>","protected":false},"excerpt":{"rendered":"<p>R\u00e1day M\u00fazeum Kapcsolat: C\u00edm: 6000 Kecskem\u00e9t, K\u00e1lvin t\u00e9r 1. Reform\u00e1tus \u00d3koll\u00e9giumTelefon: +36 76 486 226 A Telefonsz\u00e1m el\u00e9rhet\u0151: K-V 10-18 \u00f3r\u00e1igE-mail: radaymuzeum.muzped@gmail.com Megk\u00f6zel\u00edt\u00e9s T\u00f6megk\u00f6zleked\u00e9ssel: A t\u00e1vols\u00e1gi buszp\u00e1lyaudvar \u00e9s a vas\u00fat\u00e1llom\u00e1s 10-15 perc alatt k\u00e9nyelmes s\u00e9t\u00e1val el\u00e9rhet\u0151. G\u00e9pj\u00e1rm\u0171vel a parkolni a k\u00f6rnyez\u0151 utc\u00e1kon lehet, ami h\u00e9tk\u00f6znap 8.00-20.00 \u00f3ra k\u00f6z\u00f6tt d\u00edjk\u00f6teles. Nyitvatart\u00e1s Keddt\u0151l vas\u00e1rnapig: 10.00-18.00 \u00f3r\u00e1ig. A &#8230; <a title=\"Nyitvatart\u00e1s\" class=\"read-more\" href=\"https:\/\/radaymuzeum.rgy.hu\/index.php\/nyitvatartas\/\" aria-label=\"Read more about Nyitvatart\u00e1s\">Olvass tov\u00e1bb<\/a><\/p>\n","protected":false},"author":3,"featured_media":0,"parent":0,"menu_order":0,"comment_status":"closed","ping_status":"closed","template":"","meta":{"footnotes":""},"class_list":["post-20","page","type-page","status-publish"],"_links":{"self":[{"href":"https:\/\/radaymuzeum.rgy.hu\/index.php\/wp-json\/wp\/v2\/pages\/20","targetHints":{"allow":["GET"]}}],"collection":[{"href":"https:\/\/radaymuzeum.rgy.hu\/index.php\/wp-json\/wp\/v2\/pages"}],"about":[{"href":"https:\/\/radaymuzeum.rgy.hu\/index.php\/wp-json\/wp\/v2\/types\/page"}],"author":[{"embeddable":true,"href":"https:\/\/radaymuzeum.rgy.hu\/index.php\/wp-json\/wp\/v2\/users\/3"}],"replies":[{"embeddable":true,"href":"https:\/\/radaymuzeum.rgy.hu\/index.php\/wp-json\/wp\/v2\/comments?post=20"}],"version-history":[{"count":19,"href":"https:\/\/radaymuzeum.rgy.hu\/index.php\/wp-json\/wp\/v2\/pages\/20\/revisions"}],"predecessor-version":[{"id":166,"href":"https:\/\/radaymuzeum.rgy.hu\/index.php\/wp-json\/wp\/v2\/pages\/20\/revisions\/166"}],"wp:attachment":[{"href":"https:\/\/radaymuzeum.rgy.hu\/index.php\/wp-json\/wp\/v2\/media?parent=20"}],"curies":[{"name":"wp","href":"https:\/\/api.w.org\/{rel}","templated":true}]}}