{"id":31,"date":"2025-04-02T20:25:26","date_gmt":"2025-04-02T20:25:26","guid":{"rendered":"https:\/\/radaymuzeum.rgy.hu\/?page_id=31"},"modified":"2026-03-29T10:33:11","modified_gmt":"2026-03-29T10:33:11","slug":"publikaciok","status":"publish","type":"page","link":"https:\/\/radaymuzeum.rgy.hu\/index.php\/publikaciok\/","title":{"rendered":"Publik\u00e1ci\u00f3k"},"content":{"rendered":"\n<div class=\"gb-element-af707826 alignfull\">\n<img loading=\"lazy\" decoding=\"async\" width=\"2560\" height=\"569\" class=\"gb-media-634bd8eb\" alt=\"\" src=\"https:\/\/radaymuzeum.rgy.hu\/wp-content\/uploads\/2025\/06\/Egyha\u0301zto\u0308rte\u0301neti-gyu\u030bjteme\u0301ny-2-scaled.jpg\" title=\"Egyha\u0301zto\u0308rte\u0301neti gyu\u030bjteme\u0301ny 2.\" srcset=\"https:\/\/radaymuzeum.rgy.hu\/wp-content\/uploads\/2025\/06\/Egyha\u0301zto\u0308rte\u0301neti-gyu\u030bjteme\u0301ny-2-scaled.jpg 2560w, https:\/\/radaymuzeum.rgy.hu\/wp-content\/uploads\/2025\/06\/Egyha\u0301zto\u0308rte\u0301neti-gyu\u030bjteme\u0301ny-2-300x67.jpg 300w, https:\/\/radaymuzeum.rgy.hu\/wp-content\/uploads\/2025\/06\/Egyha\u0301zto\u0308rte\u0301neti-gyu\u030bjteme\u0301ny-2-1024x228.jpg 1024w, https:\/\/radaymuzeum.rgy.hu\/wp-content\/uploads\/2025\/06\/Egyha\u0301zto\u0308rte\u0301neti-gyu\u030bjteme\u0301ny-2-768x171.jpg 768w, https:\/\/radaymuzeum.rgy.hu\/wp-content\/uploads\/2025\/06\/Egyha\u0301zto\u0308rte\u0301neti-gyu\u030bjteme\u0301ny-2-1536x341.jpg 1536w, https:\/\/radaymuzeum.rgy.hu\/wp-content\/uploads\/2025\/06\/Egyha\u0301zto\u0308rte\u0301neti-gyu\u030bjteme\u0301ny-2-2048x455.jpg 2048w\" sizes=\"auto, (max-width: 2560px) 100vw, 2560px\" \/>\n<\/div>\n\n\n\n<div>\n<div class=\"gb-element-5e37b9be\">\n<div>\n<a href=\"https:\/\/radaymuzeum.rgy.hu\/wp-content\/uploads\/2026\/03\/magar_nipnek.jpg\"><img loading=\"lazy\" decoding=\"async\" width=\"413\" height=\"600\" class=\"gb-media-1fefd3c6\" alt=\"\" title=\"magar_nipnek\" src=\"https:\/\/radaymuzeum.rgy.hu\/wp-content\/uploads\/2026\/03\/magar_nipnek.jpg\" srcset=\"https:\/\/radaymuzeum.rgy.hu\/wp-content\/uploads\/2026\/03\/magar_nipnek.jpg 413w, https:\/\/radaymuzeum.rgy.hu\/wp-content\/uploads\/2026\/03\/magar_nipnek-207x300.jpg 207w\" sizes=\"auto, (max-width: 413px) 100vw, 413px\" \/><\/a>\n<\/div>\n\n\n\n<div>\n<h2 class=\"gb-text\">\u201eAz magar n\u00edpnek: ki ezt olvassa\u201d K\u00f6nyv\u00e9szeti ritkas\u00e1gok a R\u00e1day M\u00fazeumban<br><\/h2>\n\n\n\n<p class=\"gb-text\"><em>id\u0151szaki ki\u00e1ll\u00edt\u00e1s katal\u00f3gusa<\/em><\/p>\n\n\n\n<p class=\"gb-text\">\u00d6ssze\u00e1ll\u00edtott\u00e1k: B\u00e1n Magdolna, Fogarasi Zsuzsa, Kozm\u00e1cs Istv\u00e1n, Szab\u00f3 Zsuzsa<br>Kecskem\u00e9t, R\u00e1day M\u00fazeum 2004. 40. p. f\u0171z\u00f6tt<br>\u00e1r: 300 Ft<\/p>\n<\/div>\n<\/div>\n\n\n\n<p class=\"gb-text\">A katal\u00f3gus Kecskem\u00e9t legr\u00e9gebbi bibliot\u00e9k\u00e1j\u00e1nak, a Reform\u00e1tus Egyh\u00e1zk\u00f6zs\u00e9g K\u00f6nyvt\u00e1r\u00e1nak v\u00e1logatott anyag\u00e1t mutatja be. Az 1701-t\u0151l m\u00e1r k\u00f6nyvt\u00e1ri bejegyz\u00e9ssel is rendelkez\u0151 k\u00f6nyvt\u00e1r alapjait m\u00e1r a 16-17. sz\u00e1zadban megvetett\u00e9k. A jelenleg 65.000 k\u00f6tetes k\u00f6nyv\u00e1llom\u00e1ny ritka kincsei k\u00f6z\u00e9 tartozik Sylvester J\u00e1nos 1541-es \u00dajsz\u00f6vets\u00e9g ford\u00edt\u00e1sa, melynek 3 fennmaradt, sz\u00ednes c\u00edmlap\u00fa nyomatai k\u00f6z\u00fcl Kecskem\u00e9ten tal\u00e1lhat\u00f3 az egyetlen honi p\u00e9ld\u00e1ny. (A ki\u00e1ll\u00edt\u00e1s c\u00edme Sylvester ford\u00edt\u00e1s\u00e1hoz \u00edrott, 1541-es el\u0151szav\u00e1b\u00f3l id\u00e9z.) Term\u00e9szetesen Vizsolyi Bibli\u00e1val is dicsekedhet a k\u00f6nyvt\u00e1r. Az \u00f3kori klasszikusok munk\u00e1i, a reform\u00e1ci\u00f3 szellemi alapjait jelent\u0151 m\u0171vek, a hitvit\u00e1z\u00f3 irodalom mind-mind k\u00e9pviseltetik magukat a bibliot\u00e9ka anyag\u00e1ban. Sz\u00e9pirodalmi vonatkoz\u00e1sban Gy\u00f6ngy\u00f6si Istv\u00e1n m\u0171vei (nyomtatott \u00e9s k\u00e9ziratos), m\u00edg a t\u00f6rt\u00e9nelmi munk\u00e1k k\u00f6z\u00fcl N\u00e1dasdy Ferenc Mausoleuma emelhet\u0151 ki a bemutatott anyagb\u00f3l.<br>A katal\u00f3gus a ki\u00e1ll\u00edtott m\u0171vek jegyz\u00e9k\u00e9n k\u00edv\u00fcl k\u00e9pekkel illusztr\u00e1lt kult\u00fart\u00f6rt\u00e9neti \u00f6sszefoglal\u00f3t ad a k\u00f6nyvt\u00e1r t\u00f6rt\u00e9net\u00e9r\u0151l \u00e9s a ki\u00e1ll\u00edtott m\u0171vekr\u0151l, bemutatva azok alkot\u00f3it: szerz\u0151ket, kiad\u00f3kat, nyomd\u00e1szokat.<\/p>\n<\/div>\n\n\n\n<div class=\"gb-element-163a38aa\"><\/div>\n\n\n\n<div>\n<div class=\"gb-element-510f48c7\">\n<div>\n<a href=\"https:\/\/radaymuzeum.rgy.hu\/wp-content\/uploads\/2026\/03\/terkep.jpg\"><img loading=\"lazy\" decoding=\"async\" width=\"413\" height=\"600\" class=\"gb-media-55afee63\" alt=\"\" title=\"terkep\" src=\"https:\/\/radaymuzeum.rgy.hu\/wp-content\/uploads\/2026\/03\/terkep.jpg\" srcset=\"https:\/\/radaymuzeum.rgy.hu\/wp-content\/uploads\/2026\/03\/terkep.jpg 413w, https:\/\/radaymuzeum.rgy.hu\/wp-content\/uploads\/2026\/03\/terkep-207x300.jpg 207w\" sizes=\"auto, (max-width: 413px) 100vw, 413px\" \/><\/a>\n<\/div>\n\n\n\n<div>\n<h2 class=\"gb-text gb-text-0a34e4c1\">A t\u00e9rk\u00e9p a t\u00f6rt\u00e9nelem szem\u00fcvege T\u00e9rk\u00e9p\u00e9szeti ritkas\u00e1gok a R\u00e1day M\u00fazeumban<\/h2>\n\n\n\n<p class=\"gb-text\"><em>id\u0151szaki ki\u00e1ll\u00edt\u00e1s katal\u00f3gusa<\/em><\/p>\n\n\n\n<p class=\"gb-text\">Szerkesztette: Fogarasi Zsuzsa<br>Kecskem\u00e9t, R\u00e1day M\u00fazeum 2005. 40. p. f\u0171z\u00f6tt<br>\u00e1r: 450 Ft<\/p>\n<\/div>\n<\/div>\n\n\n\n<p class=\"gb-text\">A katal\u00f3gus dr. Ir\u00e1nyi B\u00e9la a reform\u00e1tus egyh\u00e1znak adom\u00e1nyozott hungarika t\u00e9rk\u00e9pgy\u0171jtem\u00e9ny\u00e9t mutatja be. A ki\u00e1ll\u00edt\u00e1s c\u00edm\u00e9vel a jeles t\u00e9rk\u00e9p\u00e9szt, Abraham Orteliust id\u00e9zik a rendez\u0151k. A gy\u0171jtem\u00e9nyb\u0151l a leg\u00e9rt\u00e9kesebb lapokat v\u00e1logatta \u00e9s a ki\u00e1ll\u00edt\u00e1st rendezte dr. Plih\u00e1l Katalin, az OSzK T\u00e9rk\u00e9pt\u00e1r\u00e1nak vezet\u0151je. A Plih\u00e1l Katalin \u00e1ltal \u00f6ssze\u00e1ll\u00edtott ki\u00e1ll\u00edtott m\u0171vek jegyz\u00e9ke \u00e9s le\u00edr\u00e1sa mellett a kiadv\u00e1nyban l\u00e1that\u00f3 n\u00e9h\u00e1ny t\u00e9rk\u00e9p, tartalmazza tov\u00e1bb\u00e1 az adom\u00e1nyoz\u00f3 \u00e9s a t\u00e9rk\u00e9pek, metszetek k\u00e9sz\u00edt\u0151inek r\u00f6vid \u00e9letrajz\u00e1t is.<\/p>\n<\/div>\n\n\n\n<div class=\"gb-element-1e13834b\"><\/div>\n\n\n\n<div>\n<div class=\"gb-element-01a924b1\">\n<div>\n<a href=\"https:\/\/radaymuzeum.rgy.hu\/wp-content\/uploads\/2026\/03\/aranyidok.jpg\"><img loading=\"lazy\" decoding=\"async\" width=\"362\" height=\"600\" class=\"gb-media-ac41aaa1\" alt=\"\" title=\"aranyidok\" src=\"https:\/\/radaymuzeum.rgy.hu\/wp-content\/uploads\/2026\/03\/aranyidok.jpg\" srcset=\"https:\/\/radaymuzeum.rgy.hu\/wp-content\/uploads\/2026\/03\/aranyidok.jpg 362w, https:\/\/radaymuzeum.rgy.hu\/wp-content\/uploads\/2026\/03\/aranyidok-181x300.jpg 181w\" sizes=\"auto, (max-width: 362px) 100vw, 362px\" \/><\/a>\n<\/div>\n\n\n\n<div>\n<h2 class=\"gb-text gb-text-cfd03d07\">Berecz \u00c1gnes \u2013 L\u00e1ngi J\u00f3zsef: Aranyid\u0151k a p\u00e9celi R\u00e1day-kast\u00e9lyban<\/h2>\n\n\n\n<p class=\"gb-text\"><em>Szerkesztette: Czibula Katalin<\/em><\/p>\n\n\n\n<p class=\"gb-text\">M\u0171eml\u00e9kek \u00c1llami Gondnoks\u00e1ga Budapest, 2003.<br>142. p. 38 k\u00e9pmell\u00e9klettel<\/p>\n<\/div>\n<\/div>\n\n\n<\/div>\n\n\n\n<div class=\"gb-element-8a1d1b7a\"><\/div>\n\n\n\n<div>\n<div class=\"gb-element-a6156626\">\n<div>\n<a href=\"https:\/\/radaymuzeum.rgy.hu\/wp-content\/uploads\/2026\/03\/magar_nipnek.jpg\"><img loading=\"lazy\" decoding=\"async\" width=\"545\" height=\"800\" class=\"gb-media-f1355ec2\" alt=\"\" title=\"asvanyok_bibliaban\" src=\"https:\/\/radaymuzeum.rgy.hu\/wp-content\/uploads\/2026\/03\/asvanyok_bibliaban.jpg\" srcset=\"https:\/\/radaymuzeum.rgy.hu\/wp-content\/uploads\/2026\/03\/asvanyok_bibliaban.jpg 545w, https:\/\/radaymuzeum.rgy.hu\/wp-content\/uploads\/2026\/03\/asvanyok_bibliaban-204x300.jpg 204w\" sizes=\"auto, (max-width: 545px) 100vw, 545px\" \/><\/a>\n<\/div>\n\n\n\n<div>\n<h2 class=\"gb-text gb-text-c88024de\">\u00c1sv\u00e1nyok a Bibli\u00e1ban<\/h2>\n\n\n\n<p class=\"gb-text\"><em>ismertet\u0151 f\u00fczet<\/em><\/p>\n\n\n\n<p class=\"gb-text\">\u00cdrta, szerkesztette: Fogarasi Zsuzsa<br>Kecskem\u00e9t, R\u00e1day M\u00fazeum 2006. 44 p. f\u0171z\u00f6tt, 32 db sz\u00ednes \u00e1sv\u00e1nyfot\u00f3, 4 db sz\u00ednes k\u00e9pmell\u00e9klet<br>\u00e1r: 600 Ft<\/p>\n<\/div>\n<\/div>\n\n\n\n<p class=\"gb-text\">A R\u00e1day M\u00fazeum sz\u00e1m\u00e1ra term\u00e9szetes lehet\u0151s\u00e9gk\u00e9nt ad\u00f3dott \u2013 l\u00e9v\u00e9n olyan egyh\u00e1zi gy\u0171jtem\u00e9ny, mely \u00e1sv\u00e1nygy\u0171jtem\u00e9nnyel rendelkezik \u2013 az \u201e\u00c1sv\u00e1nyok a Bibli\u00e1ban\u201d c\u00edm\u0171 v\u00e1logat\u00e1s bemutat\u00e1sa. A ki\u00e1ll\u00edt\u00e1son a legfontosabb, a Bibli\u00e1ban eml\u00edtett \u00e1sv\u00e1nyok szerepelnek. A ki\u00e1ll\u00edtand\u00f3 anyag \u00f6sszegy\u0171jt\u00e9se sor\u00e1n v\u00e1lt vil\u00e1goss\u00e1, hogy a k\u00e9rd\u00e9sk\u00f6r igen szerte\u00e1gaz\u00f3. A bibliai \u00e1sv\u00e1nyok kapcs\u00e1n els\u0151sorban bonyolult nyelv\u00e9szeti\/ ford\u00edt\u00e1si, m\u00e1sodsorban t\u00f6rt\u00e9neti-f\u00f6ldrajzi, gazdas\u00e1g-f\u00f6ldrajzi \u00e9s mineral\u00f3giai probl\u00e9m\u00e1k vet\u0151dnek fel, melyeknek er\u0151teljes stilisztikai \u00e9s teol\u00f3giai vonatkoz\u00e1sai vannak. A f\u00fczet az e k\u00e9rd\u00e9sekben t\u00f6rt\u00e9n\u0151 eligazod\u00e1st igyekszik seg\u00edteni. Az \u00e1sv\u00e1nyok alfabetikus sorrend\u0171 c\u00edmszavai a k\u00f6vetkez\u0151 inform\u00e1ci\u00f3kat tartalmazz\u00e1k: nyelvi adatok, \u00e1sv\u00e1nytani elhelyez\u00e9s, az \u00e1sv\u00e1ny r\u00f6vid bemutat\u00e1sa, bibliai el\u0151fordul\u00e1sok gyakoris\u00e1ga, sz\u00f3k\u00e9pi jellemz\u0151k. A sz\u00f3cikket a legfontosabb bibliai textusok id\u00e9z\u00e9se z\u00e1rja.<\/p>\n<\/div>\n\n\n\n<div class=\"gb-element-ea5fb05c\"><\/div>\n\n\n\n<div>\n<div class=\"gb-element-34df7e07\">\n<div>\n<a href=\"https:\/\/radaymuzeum.rgy.hu\/wp-content\/uploads\/2026\/03\/ismerjuk.jpg\"><img loading=\"lazy\" decoding=\"async\" width=\"420\" height=\"600\" class=\"gb-media-9c57527d\" alt=\"\" title=\"ismerjuk\" src=\"https:\/\/radaymuzeum.rgy.hu\/wp-content\/uploads\/2026\/03\/ismerjuk.jpg\" srcset=\"https:\/\/radaymuzeum.rgy.hu\/wp-content\/uploads\/2026\/03\/ismerjuk.jpg 420w, https:\/\/radaymuzeum.rgy.hu\/wp-content\/uploads\/2026\/03\/ismerjuk-210x300.jpg 210w\" sizes=\"auto, (max-width: 420px) 100vw, 420px\" \/><\/a>\n<\/div>\n\n\n\n<div>\n<h2 class=\"gb-text gb-text-9e45fb6a\">Ismerj\u00fck meg a R\u00e1day M\u00fazeumot! M\u00fazeumpedag\u00f3giai foglalkoztat\u00f3 f\u00fczet kicsiknek, nagyoknak, kezd\u0151 \u00e9s halad\u00f3 m\u00fazeuml\u00e1togat\u00f3knak<\/h2>\n\n\n\n<p class=\"gb-text\"><em>m\u00fazeumpedag\u00f3giai kiadv\u00e1ny m\u00f3dszertani bevezet\u0151vel, feladatlapokkal \u00e9s megold\u00e1sokkal<\/em><\/p>\n\n\n\n<p class=\"gb-text\">Szerkesztette: Fogarasi Zsuzsa, Kozm\u00e1cs Istv\u00e1n<br>Szerz\u0151k: Fogarasi Zsuzsa, Fuxreiter Andr\u00e1s, Kozm\u00e1cs Istv\u00e1n, Szab\u00f3 G\u00e1born\u00e9, S\u00e1ndor Zolt\u00e1n<br>Kecskem\u00e9t, R\u00e1day M\u00fazeum 2006. 40 db A\/4 m\u00e9ret\u0171 feladatlap dosszi\u00e9ban, f\u00fczet: 48 p. f\u0171z\u00f6tt<br>\u00e1r: 2.500 Ft<\/p>\n<\/div>\n<\/div>\n\n\n\n<p class=\"gb-text\">A m\u00fazeumpedag\u00f3giai kiadv\u00e1ny a m\u00fazeum ki\u00e1ll\u00edt\u00e1sainak (egyh\u00e1zm\u0171v\u00e9szeti, \u00e1sv\u00e1ny, \u00f3ra) anyag\u00e1t dolgozza fel feladatlapok seg\u00edts\u00e9g\u00e9vel. A szerkeszt\u0151k sz\u00e1nd\u00e9ka szerint a felhaszn\u00e1l\u00f3k (pedag\u00f3gusok, sz\u00fcl\u0151k, feln\u0151ttek, gyerekek) a feladatlapok seg\u00edts\u00e9g\u00e9vel \u00f6n\u00e1ll\u00f3an fedezhetik fel a m\u00fazeum anyag\u00e1t. A kiadv\u00e1ny k\u00e9sz\u00edt\u0151i b\u00edznak a haszn\u00e1latot k\u00f6vet\u0151 felismer\u00e9sben: a m\u00fazeum nem holt t\u00e1rgyak gy\u0171jt\u0151helye, hanem az ismereteket saj\u00e1tosan bemutat\u00f3 multim\u00e9dia. A feladatlapok az \u00f3vod\u00e1s kor\u00faakt\u00f3l a fen\u0151tt koroszt\u00e1lyig (term\u00e9szetesen m\u00e1s-m\u00e1s feladatlap) mindenkinek hasznos megfigyel\u00e9si, feldolgoz\u00e1si szempontokat adnak.<\/p>\n<\/div>\n\n\n\n<div class=\"gb-element-922bfcb6\"><\/div>\n\n\n\n<div>\n<div class=\"gb-element-2bc54e41\">\n<div>\n<a href=\"https:\/\/radaymuzeum.rgy.hu\/wp-content\/uploads\/2026\/03\/hogyan.jpg\"><img loading=\"lazy\" decoding=\"async\" width=\"398\" height=\"600\" class=\"gb-media-5061c9b1\" alt=\"\" title=\"hogyan\" src=\"https:\/\/radaymuzeum.rgy.hu\/wp-content\/uploads\/2026\/03\/hogyan.jpg\" srcset=\"https:\/\/radaymuzeum.rgy.hu\/wp-content\/uploads\/2026\/03\/hogyan.jpg 398w, https:\/\/radaymuzeum.rgy.hu\/wp-content\/uploads\/2026\/03\/hogyan-199x300.jpg 199w\" sizes=\"auto, (max-width: 398px) 100vw, 398px\" \/><\/a>\n<\/div>\n\n\n\n<div>\n<h2 class=\"gb-text gb-text-ab3de2a3\">Hogyan gondozzuk klen\u00f3diumainkat? F\u00e9m-, ker\u00e1mia-, \u00fcveged\u00e9nyek, ter\u00edt\u0151k tiszt\u00edt\u00e1sa \u00e9s t\u00e1rol\u00e1sa.<\/h2>\n\n\n\n<p class=\"gb-text\"><em>m\u00f3dszertani f\u00fczet a gy\u00fclekezeti \u00e9rt\u00e9kek meg\u00f3v\u00e1s\u00e1hoz, gondoz\u00e1s\u00e1hoz<\/em><\/p>\n\n\n\n<p class=\"gb-text\">\u00d6ssze\u00e1ll\u00edtotta: Fogarasi Zsuzsa<br>K\u00e9sz\u00fclt a Dunamell\u00e9ki Reform\u00e1tus Egyh\u00e1zker\u00fclet Gy\u0171jtem\u00e9nyi Bizotts\u00e1g\u00e1nak megb\u00edz\u00e1s\u00e1b\u00f3l.<br>Kecskem\u00e9t, R\u00e1day M\u00fazeum 2006. 20 p. f\u0171z\u00f6tt<br>\u00e1r: 200 Ft<\/p>\n<\/div>\n<\/div>\n\n\n\n<p class=\"gb-text\">A f\u00fczet els\u0151sorban a gy\u00fclekezetekben szolg\u00e1l\u00f3 lelk\u00e9szek munk\u00e1j\u00e1t h\u00edvatott seg\u00edteni. Azonban minden h\u00e1ztart\u00e1sban j\u00f3l haszn\u00e1lhat\u00f3, hiszen a f\u00e9m-, ker\u00e1mia-, \u00fcveged\u00e9nyek, ter\u00edt\u0151k tiszt\u00edt\u00e1s\u00e1nak \u00e9s t\u00e1rol\u00e1s\u00e1nak gyakran felvet\u0151d\u0151 k\u00e9rd\u00e9seire ad szakszer\u0171 \u00e9s kimer\u00edt\u0151 v\u00e1laszokat.<\/p>\n<\/div>\n","protected":false},"excerpt":{"rendered":"<p>\u201eAz magar n\u00edpnek: ki ezt olvassa\u201d K\u00f6nyv\u00e9szeti ritkas\u00e1gok a R\u00e1day M\u00fazeumban id\u0151szaki ki\u00e1ll\u00edt\u00e1s katal\u00f3gusa \u00d6ssze\u00e1ll\u00edtott\u00e1k: B\u00e1n Magdolna, Fogarasi Zsuzsa, Kozm\u00e1cs Istv\u00e1n, Szab\u00f3 ZsuzsaKecskem\u00e9t, R\u00e1day M\u00fazeum 2004. 40. p. f\u0171z\u00f6tt\u00e1r: 300 Ft A katal\u00f3gus Kecskem\u00e9t legr\u00e9gebbi bibliot\u00e9k\u00e1j\u00e1nak, a Reform\u00e1tus Egyh\u00e1zk\u00f6zs\u00e9g K\u00f6nyvt\u00e1r\u00e1nak v\u00e1logatott anyag\u00e1t mutatja be. Az 1701-t\u0151l m\u00e1r k\u00f6nyvt\u00e1ri bejegyz\u00e9ssel is rendelkez\u0151 k\u00f6nyvt\u00e1r alapjait m\u00e1r a &#8230; <a title=\"Publik\u00e1ci\u00f3k\" class=\"read-more\" href=\"https:\/\/radaymuzeum.rgy.hu\/index.php\/publikaciok\/\" aria-label=\"Read more about Publik\u00e1ci\u00f3k\">Olvass tov\u00e1bb<\/a><\/p>\n","protected":false},"author":3,"featured_media":0,"parent":0,"menu_order":0,"comment_status":"closed","ping_status":"closed","template":"","meta":{"footnotes":""},"class_list":["post-31","page","type-page","status-publish"],"_links":{"self":[{"href":"https:\/\/radaymuzeum.rgy.hu\/index.php\/wp-json\/wp\/v2\/pages\/31","targetHints":{"allow":["GET"]}}],"collection":[{"href":"https:\/\/radaymuzeum.rgy.hu\/index.php\/wp-json\/wp\/v2\/pages"}],"about":[{"href":"https:\/\/radaymuzeum.rgy.hu\/index.php\/wp-json\/wp\/v2\/types\/page"}],"author":[{"embeddable":true,"href":"https:\/\/radaymuzeum.rgy.hu\/index.php\/wp-json\/wp\/v2\/users\/3"}],"replies":[{"embeddable":true,"href":"https:\/\/radaymuzeum.rgy.hu\/index.php\/wp-json\/wp\/v2\/comments?post=31"}],"version-history":[{"count":13,"href":"https:\/\/radaymuzeum.rgy.hu\/index.php\/wp-json\/wp\/v2\/pages\/31\/revisions"}],"predecessor-version":[{"id":234,"href":"https:\/\/radaymuzeum.rgy.hu\/index.php\/wp-json\/wp\/v2\/pages\/31\/revisions\/234"}],"wp:attachment":[{"href":"https:\/\/radaymuzeum.rgy.hu\/index.php\/wp-json\/wp\/v2\/media?parent=31"}],"curies":[{"name":"wp","href":"https:\/\/api.w.org\/{rel}","templated":true}]}}